1 - 3) - 7.
-3
Evaluate 2 + 0 + 4 + (5 - 8).
3
0 - ((12 - 9) + -14)
11
What is the value of 19 + -7 + -2 + -2?
8
Calculate 1 - 7 - (-3 - 0).
-3
7 + -1 + -5 + -2 + 6
5
4 - (-11 + 11) - (2 + -6)
8
What is 4 + (-5 - (-8 - -5))?
2
Calculate (4 - (-2 - -2)) + 8 + -8.
4
Evaluate 7 - 7 - (-3 + -5 - -3).
5
Calculate 8 + -16 + 11 + -3.
0
0 - (-1 + 4 + (0 - -2))
-5
Evaluate 1 + (19 - 14 - 4).
2
Evaluate 2 + 3 + -5 + (-2 - -1).
-1
Calculate -4 + 7 + -1 + 2 + 3.
7
Evaluate -1 - (9 + (-4 - 0) + -6).
0
What is (-31 - -32) + (-5 - 1)?
-5
What is 3 + -1 + 3 + -8 - -7?
4
Calculate (-6 - -4) + -4 - (2 - 15).
7
Calculate (-1 - 3) + (15 - 11) + -3.
-3
Evaluate 1 + 12 - (-3 - (8 + -16)).
8
-6 - (10 - (7 - -6))
-3
-7 - ((8 - 24) + 3)
6
Evaluate -1 + 2 + 1 + -2 + -1.
-1
What is 3 + -1 - (-1 + 6 + 2)?
-5
What is the value of -5 - (12 + -11 + -4)?
-2
What is the value of -5 + 13 + (-14 - -10)?
4
Evaluate -6 + (4 - 0) - (-2 - 0).
0
What is -3 - (4 + 3 + -3 + -2)?
-5
Calculate -4 - ((6 - 6) + -11 + 6).
1
0 + 0 - (4 - 4) - 0
0
What is the value of (1 + -1 - (-6 + 6)) + -4?
-4
What is -3 + 12 + 2 + -17?
-6
What is -6 - (-15 - (10 + -24))?
-5
Evaluate (-5 - 1) + (29 - 30).
-7
What is the value of -4 - (-2 + -7 - (-6 + 7))?
6
Calculate 49 + -46 + 0 + -7.
-4
(-3 + -4 - -7) + 3
3
What is -1 - -8 - (2 + 3)?
2
-3 - -2 - (-3 + 3) - 1
-2
What is the value of 0 + (-1 - (-1 - -2))?
-2
What is 7 + -2 - (1 + (9 - 12))?
7
What is the value of 4 + 0 - (-23 + 31)?
-4
What is the value of -1 + -1 + 3 + -1 + 2?
2
What is the value of 0 - 1 - (11 - 8)?
-4
Evaluate -3 - (5 + -4 + -10 + 8).
-2
Evaluate 9 + -4 + 2 + -1 + -2.
4
What is the value of -21 + (6 - -7) + 13?
5
What is the value of -31 + 24 - (-7 - -1)?
-1
Evaluate 10 - (-1 - (-5 + -2)).
4
What is 5 + (2 - (6 + 4)) + 5?
2
Calculate 1 + 4 + (113 - 122).
-4
What is the value of -9 - (-4 + 6 + -3 + -1)?
-7
What is -1 + (-1 - 0) - (2 + 0)?
-4
What is the value of 8 - 3 - (16 + -19)?
8
What is 9 + -15 + 18 + (-4 - 0)?
8
What is -2 - (2 - 0) - (72 - 80)?
4
What is -3 + (5 - 1) + -8?
-7
6 - 4 - (-4 + 6)
0
What is 6 - (2 - -1) - (-37 + 34)?
6
What is the value of -13 + 12 + (1 - 3 - -1)?
-2
What is 2 + 5 + 10 - (4 + 4)?
9
What is (8 - 0 - (-1 - -4)) + -5?
0
What is the value of (0 - -4) + 15 + -22?
-3
Calculate -1 + 5 - (14 - 7) - 0.
-3
Evaluate 5 + 1 - (80 - 79).
5
What is 0 + 2 - ((3 - 2) + -3)?
4
Evaluate 0 + (0 + -1 - -2).
1
What is the value of 4 - (-4 + -2 + 5)?
5
(-2 - -1) + (2 - 0)
1
(-5 - 1) + 1 + 0
-5
What is the value of 0 - (-6 + 14) - -11?
3
Calculate -3 + 3 - -4 - 5.
-1
14 + 0 - (-26 + 38)
2
What is -7 + 12 + 0 + -1?
4
What is -6 - -3 - (0 - 6 - 1)?
4
What is (2 - 5 - -2) + (183 - 176)?
6
What is -16 + 11 + -1 + 5?
-1
Evaluate (-1 - (-4 + -1)) + -6 + 5.
3
What is 4 - (-2 + 7) - 1 - 3?
-5
(-5 - (-3 + -5)) + -7
-4
Calculate 2 + -1 - (5 + -1 + 2).
-5
What is 2 + -7 + (-4 - -9) - -6?
6
Evaluate (-4 - -7) + -7 + 0.
-4
8 + -16 + 21 - 19
-6
What is the value of 16 - (-8 - -16) - 3?
5
Evaluate (-16 - -20 - (6 - -1)) + 11.
8
What is the value of (-10 - -6) + 5 + -2 + 7?
6
-6 + -2 + -10 + 13
-5
What is the value of (19 - 10) + -16 + 2?
-5
What is 6 - -2 - 3 - (1 + 0)?
4
Evaluate -3 + (-2 - -4) + -42 + 45.
2
What is -3 - (3 - (4 - (-1 - 0)))?
-1
Evaluate -28 + 28 - (-13 - -5).
8
Evaluate -1 + 0 + -3 + 2 + 6.
4
What is the value of (-4 + 8 - 2) + 3 - 3?
2
What is (-4 + 0 - -2 - -2) + -4?
-4
Evaluate 0 + 5 - 4 - 2.
-1
Calculate 4 - (-9 + 7) - 12.
-6
Evaluate (5 - (-3 + 6)) + (0 - -3).
5
Calculate -6 + -1 + -6 + 6.
-7
Evaluate -5 + 2 + 3 - -6 - 15.
-9
What is 5 + -10 + 5 - -3?
3
What is 1 + (0 + 3 - 5)?
-1
What is -4 - 1 - (11 + -11)?
-5
-3 + 7 + (-1 - -1)
4
What is 2 + (16 - 9) + -6?
3
Evaluate -3 + 0 - -20 - 13.
4
Evaluate 2 - (6 - (9 - 5)).
0
Evaluate 0 - (29 + -28 - (-5 + 0)).
-6
Evaluate 5 + (-2 - 8) - -14.
9
Calculate (2 + 0 - -1) + 0.
3
Evaluate -5 - 9 - (-1 + -9).
-4
Calculate 7 - (10 + (-6 - -12) + -2).
-7
20 + -30 + -1 + 19
8
Calculate (-66 - -63) + 0 + 2.
-1
What is the value of 9 + 5 + (-16 - -8) + 5?
11
What is -5 - ((-3 - 2) + 3)?
-3
Calculate (-84 - -85) + 0 + -3.
-2
What is 1 - -4 - (7 - -9 - 11)?
0
What is the value of -1 - 4 - (-6 + 3) - -7?
5
Calculate (-2 - -6 - 7) + 7.
4
(6 - 12 - -3) + -8 + 7
-4
What is 7 + -2 + 1 + -1?
5
Calculate -3 - (5 - (8 + 2)).
2
What is -9 + -4 + 12 + -6?
-7
-3 + 2 + (0 - 3)
-4
What is 1 - (-4 - -2 - -3)?
0
What is the value of (-4 - (2 - -4) - -7) + 5?
2
Calculate 13 + (8 - 20) - (-3 - 1).
5
What is 3 + -2 - -3 - 1?
3
What is 8 - (6 - (-7 - -10))?
5
What is the value of 1 - 0 - (2 - (10 - 2))?
7
Calculate 11 - (10 - (3 + 2)).
6
8 + -4 - (-5 + 3) - -1
7
Calculate -3 + 2 + 1 + (0 - -3).
3
What is the value of -7 + -6 + 6 + (0 - 2)?
-9
What is 1 + -1 + (-5 - (0 - 2))?
-3
What is the value of -2 + -2 + 4 + 1 + -2?
-1
What is the value of 11 + -8 - (-1 - -1)?
3
Calculate -4 - (-6 - ((-1 - 3) + 2)).
0
What is the value of -9 + 0 + 6 + 6?
3
-7 + 11 + 3 + -12
-5
What is -15 + 20 + (-1 - -2) - 10?
-4
(-1 - -6) + 6 + -8
3
(2 - -5) + (2 - 4) - 3
2
Calculate -1 - (-2 + (14 - 7)).
-6
Calculate -5 + -5 + 7 - -1.
-2
Evaluate -9 + (-3 - (-7 + (-5 - -5))).
-5
What is 6 + -3 - (4 + -3 + 2)?
0
Calculate -6 + 4 + 2 - (2 - -1).
-3
Calculate 2 + (0 - 6) - 0.
-4
What is -47 - -48 - (-3 + 0 - -1)?
3
Calculate 9 - (-3 + (-2 - -10)).
4
What is the value of (1 - (3 + 3)) + 5 + 2?
2
What is 8 + -6 - (6 - (0 + 3))?
-1
What is the value of 14 + -1 + 47 + -71?
-11
-2 + (13 - 16) + (5 - 0)
0
What is the value of 12 + 0 - (39 + -30)?
3
What is -3 - (0 - (9 + -9 + 5))?
2
-6 + 12 - (-6 + 15 + -4)
1
What is 9 + (-20 - -7) + 1?
-3
What is the value of 1 + -5 + 6 - -1 - -3?
6
Evaluate -1 + (1 - 3) + (-17 - -24).
4
What is the value of -13 - -18 - (-1 + 3 - 3)?
6
Calculate -24 + 32 - (-1 - -1) - 3.
5
Calculate 6 - (-9 + 6 - (-3 - 2)).
4
(9 - (2 + 0)) + (-263 - -247)
-9
Calculate (-11 - -4) + 18 + -4 - 4.
3
Evaluate 2 + (-6 - (11 - 3 - 15)).
3
What is the value of -14 + 18 + -3 + 4 + 1?
6
Evaluate 9 + (-2 - (-1 - -5)).
3
What is 9 + -17 - (-10 + 4)?
-2
1 + (7 - (1 - 0 - 1))
8
What is the value of (11 - (7 - 10)) + -10?
4
What is the value of -16 + 8 + -2 - -4?
-6
What is the value of 6 - 2 - (10 - (14 - 4))?
4
What is -30 + 23 + (1 - -3)?
-3
What is the value of -1 + (5 - 8 - -5)?
1
Calculate 2 - 9 - 0 - -6 - 6.
-7
Calculate -2 - (2 + -14 - (6 - 11)).
5
What is 16 - (3 - (-11 - -3))?
5
What is -1 + 2 - (-7 + 12)?
-4
-14 + 1 + (-13 - (-25 + 8))
-9
Evaluate -56 + 51 - (-5 + 2).
-2
Calculate 4 - (2 - 2 - (1 + 0)).
5
What is the value of (3 - 4) + (4 - 0 - 0)?
3
What is the value of 2 + 4 + -2 - (-5 + 5)?
4
9 + -6 + 0 + 5 + -8
0
Calculate 4 - 0 - (0 + 0).
4
Calculate 32 - 32 - (-1 - -4).
-3
What is (-3 - (0 + 1)) + 163 + -158?
1
Calculate -6 - (-5 - 0) - (-4 - 2).
5
What is the value of 4 + (-8 - (1 + -4)) + 5?
4
Calculate -22 - -24 - (-2 - (-9 + 1)).
-4
Calculate (11 - (6 - 1)) + -2.
4
-1 + -3 + (1 - 1) - -1
-3
What is the value of (-7 - (8 + -4 - 7)) + -1?
-5
0 + 2 + (-3 - 1)
-2
2 - (0 - 4 - (-4 - -1))
3
Calculate -7 - (1 + -6 - 0 - 0).
-2
Evaluate 2 - (8 - 5) - (0 - 2).
1
Calculate -1 + (-1 - (-14 - (-4 - 2))).
6
What is the value of 0 + -8 - (-16 + 15)?
-7
2 - 3 - 0 - -4
3
What is -1 + -5 - (6 + -14 - 6)?
8
What is the value of (-4 - -1) + -3 + 9 - 6?
-3
What is the value of (-8 - -5) + 0 + 0 + -1?
-4
Calculate 10 - (-5 + 10) - 1.
4
What is -3 - (1 - (11 + -8))?
-1
What is the value of -1 + (-3 - -3 - 1)?
-2
What is the value of (0 - 0) + 0 + -31 + 32?
1
-5 - (-1 - (11 - 1))
6
What is the value of (37 + -12 - 16) + -13 + 1?
-3
1 - (3 + -5 + 1) - 4
-2
What is 15 - (7 + (7 - 5))?
6
Evaluate -3 - -6 - (-9 - -19) - -4.
-3
What is -1 - 0 - (2 - (1 - -4))?
2
(8 - 7) + 7 + -2 - 8
-2
Calculate -1 + 8 - (6 - (19 - 20)).
0
What is the value of 3 + (2 - (-2 + 5 + 2))?
0
What is (-19 + 5 - 1) + 11?
-4
Calculate -1 - (-3 - 1 - -4).
-1
Evaluate (2 - 8) + 8 - (1 + -1).
2
What is -9 + -1 + (8 - 2)?
-4
What is (-1 + 7 - -2 - 7) + -4?
-3
What is -2 - (-5 - -4 - (7 + -5))?
1
What is the value of (-1 - (1 + -2)) + 0?
0
Calculate 13 + -5 - (1 - -3).
4
What is the value of (-3 + 3 - -6) + (4 - 9)?
1
Calculate 10 + -14 + 9 - 15.
-10
What is the value of (-1 + 3 - 2) + 2?
2
What is -2 - (2 - (-1 - -4) - 4)?
3
Calculate -4 + 5 + (-4 - 0).
-3
Calculate (